((-425)/40 + n) a composite number?
True
Let g(u) = 8*u**2 + 223 - 4*u**3 - 6*u + 15*u**3 - 4*u**2 - 230. Is g(5) a prime number?
False
Suppose 17*f - 2308 = 19*f. Is 6*3/(-6) - f a prime number?
True
Let r be 1/(-2) - (-144)/(-32). Is ((-409)/(-1))/(-7*r/35) prime?
True
Let r(p) = 3439*p - 52. Let a be r(7). Let z = -14853 + a. Let s = z + -6439. Is s composite?
False
Suppose -5*o + 2*q = -29, 4*o - 3 - 13 = 4*q. Suppose 2*b = 2*k - 7968, -3*k + o*k - 15938 = 2*b. Is k composite?
True
Let l = 176849 - -2930. Is l composite?
False
Suppose 35 + 21 = -2*h. Let t = 30 + h. Suppose t*c - 434 = 188. Is c composite?
False
Suppose 3*p - 8 - 1 = 0. Suppose 0 = 2*j - 4*j - 3*r + 710, p*j - 1055 = -2*r. Suppose -175 = -4*s + j. Is s a composite number?
False
Let m(f) = 95628*f - 181. Is m(4) composite?
False
Let j(w) = -117*w + 19 + 1869*w - 374*w. Is j(1) prime?
False
Let z = 40 + -16. Let d be (-30)/9*(z/(-10))/1. Is -1858*(-1)/d + (-42)/(-56) composite?
False
Let b = -3921 + -591. Let p = -8488 + 1205. Let h = b - p. Is h composite?
True
Let p = -39 + 41. Let q be -3176*p*5/(-10). Suppose -q = n - 9*n. Is n a prime number?
True
Let w(r) = 53*r**2 + 4*r - 13. Suppose g - 5*k = 3*g - 67, 0 = 4*g + 5*k - 129. Suppose 6*p + 7 - g = 0. Is w(p) a composite number?
True
Let g(h) = -h**3 + 7*h**2 + 2*h + 2. Let x be g(7). Let j(d) = -d**3 + 25*d**2 + 10*d - 27. Is j(x) a composite number?
False
Let m(w) = -w**2 + 11*w + 8. Let r be m(12). Let x(h) = 3*h**2 + 11*h - 2. Let l be x(r). Suppose 0 = 3*v + 2*f - 63, -3*v + 5*f = -40 - l. Is v composite?
False
Suppose 5*m + 2*z = -2*z - 20, -m = -z + 13. Let f = -14216 - -7516. Is ((-6)/5)/(m/f*-5) prime?
False
Suppose 2*x - 292194 - 7462 = -4*d, 3*d = -3*x + 224736. Is ((-3)/6)/((-9)/d) prime?
False
Suppose -3*c = -f + 123670, -7*f + 2*f + c + 618308 = 0. Is f a composite number?
False
Suppose -3*x + 2*i = 5 - 3, -i = 3*x + 8. Is (1/x)/((-30)/346740) a composite number?
False
Let x(d) = d**2 - 19*d - 6. Let t be x(19). Is (-3 - -4)/(((-12)/t)/3874) a prime number?
False
Let x(m) = -151609*m - 4564. Is x(-5) prime?
False
Let n be (2 + 1)*3*(-8)/(-18). Suppose 4*v - l + 938 = -401, -3*v = n*l + 1009. Let r = 298 - v. Is r prime?
False
Suppose -951 = -2*v + 331. Is v a composite number?
False
Let g(c) = -107 - 734*c + 32 - 159*c. Is g(-8) a prime number?
True
Let w(c) = 2189*c + 1. Let z = 362 - 360. Is w(z) a prime number?
False
Let m(h) = 84*h + 36. Let w be m(-9). Suppose -v + 5*o - 1602 = 0, v = -5*o - 0*o - 1652. Let a = w - v. Is a a prime number?
True
Let g be 5/2*72/30. Suppose u + 210 = -g*u. Is (0 - -562)*u/(-12) composite?
True
Let z(x) = x**3 + x**2 - 10*x + 6. Let y be z(2). Is -2 + (y + 14798 - -3) a composite number?
False
Suppose -30770 = 174*q - 179*q. Suppose 0*a + a = 5*r + q, -r = 3. Is a composite?
True
Let a = 58957 + -4773. Suppose d - 6*d + q = -a, d + q = 10838. Is d prime?
True
Let z(w) = -2*w**2 - 3*w - 1. Let o = -77 + 75. Let s be z(o). Let a(u) = -14*u**3 + 7*u**2 + 5*u - 7. Is a(s) a prime number?
True
Suppose 3*d = 3*j + 2*d - 21, -5*d = 5*j - 55. Suppose 0 = q - j*q + 7. Let a(r) = 469*r - 3. Is a(q) a prime number?
False
Let v(w) = -3*w**3 + 5*w**2 + 2*w - 11. Let l(b) = -2*b - 3 - b**3 + 5*b**2 + 1 + 8. Let i be l(5). Is v(i) a prime number?
False
Suppose 867 = 2*y - 965. Let o = -563 - y. Let q = o + 3578. Is q a composite number?
False
Suppose 17 - 5 = 4*z. Let o be 1/(-3) + (-1757)/z. Is (o/4)/((-3)/6) a composite number?
False
Suppose 0*n = 3*c - n - 8030, -3*c - n = -8032. Let h = c + 1606. Is h a prime number?
True
Is 115265 + -1 - (-52 + 57) a prime number?
True
Let h be (44/16 + -3)*-24. Is 61011/h*(-4)/(-6) composite?
False
Let s(u) = -594*u + 1459. Is s(-11) composite?
False
Let m = 123 - 75. Let j be ((-3)/2)/((-8)/m). Let b(p) = 7*p**2 + 19*p + 13. Is b(j) a prime number?
True
Suppose -103*v + 108*v = 6*s - 4807771, 4*v = 5*s - 4006477. Is s composite?
False
Suppose 0 = 4*i - 2*g - 6, -23*g = -4*i - 22*g + 1. Let c be 6/9 + 158/6. Is i/(-3) - (-3420)/c prime?
True
Suppose 0 = 5*b - 35, 26*g + 571667 = 27*g - 2*b. Is g a composite number?
True
Let u be (-51)/(-9) - (-4)/6*-1. Suppose 0 = u*h + 4*s - 41, h + 2*s - 4 - 3 = 0. Suppose 14*i - h*i = 1025. Is i prime?
False
Let i(o) = 4*o**2 + 13*o + 3. Let v be i(-3). Suppose v = 4*a + 5*x - 160790, 0 = -4*a + 3*x - 4*x + 160782. Is a a prime number?
False
Suppose 2*n = 23*b - 22*b + 309206, -2*n - 5*b = -309182. Is n a prime number?
False
Suppose -2*c + 57808 = 2*a, 169*c = 167*c + 6. Is a composite?
False
Let h = 94607 + -34956. Is h a composite number?
False
Let y(n) = 62*n**2 - 17*n + 4. Let b(l) = 61*l**2 - 16*l + 5. Let c(h) = 6*b(h) - 5*y(h). Suppose -2*m = 2*m + 12, -4*m - 27 = -3*t. Is c(t) composite?
True
Let k(m) = m**2 + 2*m + 4. Let b be k(-18). Suppose -7*q + 1034 - b = 0. Suppose -q*f - 1358 = -108*f. Is f composite?
True
Let c = -885 + 1331. Let j = 941 + c. Suppose 2*d + t - 5*t = 2762, d + 4*t = j. Is d a composite number?
True
Is 6 - -1174 - (-29 + 20) composite?
True
Let z = 1899 + -940. Let m(o) = o**2 - 2*o - 1. Let l be m(-1). Suppose -l*c + z = -c. Is c composite?
True
Let f(i) = -204*i + 11. Let o(n) = -n**3 - 7*n**2 + 5. Let l be o(-7). Suppose 0 = -6*s + l*s - 9. Is f(s) a composite number?
False
Let z be (-12)/30 + 17/5. Let s be 3596/(-8)*40/(-10). Suppose -s = -z*j + j. Is j prime?
False
Suppose -11*j - 55*j + 2170789 = -3340013. Is j composite?
False
Suppose 0 = -2*h - 2*h - 92. Let j(r) = 34*r + 15 - 86 + 35*r - 122*r + 39*r. Is j(h) a composite number?
False
Let n(g) = -22809*g + 805. Is n(-8) a composite number?
True
Let d(k) = 33099*k + 10. Let i be d(1). Suppose 5*u + 4004 = -5*h + 59169, 2*u + i = 3*h. Let a = h + -6696. Is a prime?
True
Suppose 10*h - 11*h - 4*t = -45639, -t = -h + 45664. Is h prime?
True
Let j be 3*-1*(-3 + -9492 + -10). Suppose 12*s - j = -6951. Is s a prime number?
False
Suppose -2*j = 615*q - 610*q - 263198, -2*j = q - 263214. Is j a composite number?
True
Let r(u) = -1698*u + 359. Is r(-5) composite?
False
Let l(n) = -7*n**3 + 49*n**2 + 277*n + 150. Is l(-31) a composite number?
True
Is (715640/(-50))/((-24)/(-15) + -4 + 2) a composite number?
True
Suppose 150 = -38*p - 154. Let i(b) = 17*b**2 - 28*b - 165. Is i(p) prime?
False
Suppose q - f = -122, -6*q = -3*q - 5*f + 374. Suppose 2*a + 811 = 3*a + 4*h, h = 4*a - 3210. Let l = a + q. Is l prime?
False
Let d(v) = -v**2. Suppose -4*j + 7 = -1. Let m be d(j). Is (41 - -5)/(m/(-34)) a prime number?
False
Suppose 0*b + 172 = -4*b. Let z = b - -52. Is 17643/z + (-1)/(6/(-4)) composite?
True
Is (-2 - (-1272)/(-5))/((-47)/(235/2)) a composite number?
False
Let s be -1 + (-2 - -3*2). Suppose 0 = 3*n + u - 1718, s*u = -0*u + 15. Suppose 6*k = 2675 + n. Is k a composite number?
False
Let g(u) = -10*u + 338. Let r be g(34). Is (((-686)/(-28))/(-7))/(r/8716) composite?
True
Suppose -2*t + 2*b = t - 36818, -5*b = t - 12250. Suppose 3*o + l = t, 2*l - 9 = 5*l. Is o a composite number?
False
Suppose 5*p + 43 = 4*w, 2*w - 16 = w + 3*p. Suppose 16141 = -w*t - 3788. Is (-8)/(-44) + t/(-11) a prime number?
False
Let b(q) = -8*q - 6. Let v be b(-1). Suppose -v*x - 33917 = -15*x. Is x prime?
True
Suppose -q = 3*q + 240. Let t = 56 + q. Is -771*((-48)/(-36))/(t/2) prime?
False
Let s(a) = 4*a**3 + 50*a**2 + 64*a - 173. Is s(48) a composite number?
True
Suppose -75 = -3*j - 6*h + 3*h, 2*j = h + 50. Suppose 0*k = 5*k + j, -2*k = -4*l + 890. Suppose 0 = p - 19 - l. Is p a prime number?
True
Let f = 564 + 200. Let o(l) = l**3 - 25*l**2 - 4*l - 35. Let x be o(25). Let u = f + x. Is u a prime number?
False
Let r(d) = 18*d**3 - d - 1. Let l be r(-1). Let h = l - -14. Is 2 - ((-1362)/2 - h) a prime number?
False
Suppose -281674 = -3*t + 290873. Is t composite?
True
Let c(n) = -12402*n**3 + n**2 + 5*n + 13. Is c(-3) prime?
True
Let i(j) = 71*j**2 + 114*j - 70. Is i(13) prime?
True
Suppose 0 = 4*w - 16, 80050 = 48*y - 46*y - 3*w. Is y composite?
False
Suppose -52*d = -48*d - 24. Suppose -d*p - 71330 = -16*p. Is p a prime number?
False
Suppose 0 = -4*w - 6*w + 50. Suppose 26735 = w*x - 6380. Is x prime?
False
Suppose -25*i = -579834 - 1499641. Is i composite?
True
Is (9/(-6))/((-3)/(-160817)*49/(-98)) a composite number?
False
Is (-4 - (-9345704)